-4*k. Is x(k) a multiple of 14?
True
Let u be 18*(5 - 1)/(-4). Let b = u + 21. Suppose -2*i + w = -78, 0 = -w + 1 + b. Is 17 a factor of i?
False
Let r(f) = -f + 5 - 14 - f - 3. Let z be r(-10). Let t(i) = 12*i - 12. Is 28 a factor of t(z)?
True
Let f(c) = 20*c**2 + 4*c - 4. Let v(o) = o**2 + 9*o + 10. Let x be v(-8). Let r be f(x). Suppose 2*i - 50 = 3*t - 6*t, -2*t + r = 4*i. Does 6 divide i?
False
Let c(x) be the third derivative of -19*x**6/120 - x**5/60 - x**4/12 - x**3/6 - 8*x**2. Does 4 divide c(-1)?
False
Let d(b) = -b**2 + 4*b. Let j be d(4). Suppose j = -4*n - n. Suppose n = -8*o + 4*o - 3*k + 283, -5*o - 3*k = -350. Is 17 a factor of o?
False
Is 18 a factor of 81/(10/24 + (-3)/18)?
True
Let k(j) be the third derivative of -1/3*j**3 + 11/24*j**4 + 0*j + 0 - 1/60*j**5 + 3*j**2. Is k(8) a multiple of 22?
True
Let s = -11 + -108. Let v be 4/(-1) + s/(-17). Suppose -v*w - 2*w = -2*h - 427, 0 = 4*w - 2*h - 340. Is 29 a factor of w?
True
Let n be (-1 + -3)/4*(-71 - 0). Let o = n + -59. Is o a multiple of 4?
True
Suppose 0 = 4*u - 485 - 235. Is 36 a factor of u?
True
Let c be (-1)/(-3)*258/1. Suppose -5*p = d - 13, -2*p - c = -d - d. Is 16 a factor of d?
False
Let c be (-8)/(0 - 8/(-20)). Let u = c - -108. Is u a multiple of 18?
False
Suppose 22 = -j + 133. Suppose y - 5*y + h = -j, 0 = 4*y + h - 113. Does 14 divide y?
True
Let q(l) = -46*l + 8. Let u be q(-10). Suppose -2*w - u = -6*w. Let i = w + -78. Is i a multiple of 13?
True
Suppose 5*k - 5*s = 1744 - 134, k - 332 = -4*s. Is 4 a factor of k?
True
Let f(k) = -2*k**2 + 31*k - 24. Let x be f(17). Let z = x - -138. Is 9 a factor of z?
True
Let p(d) be the third derivative of -d**5/60 + 3*d**4/8 + 7*d**3/6 + d**2. Suppose -4*o + 4*i + 39 = -13, -4*o = 3*i - 24. Does 2 divide p(o)?
False
Let o = -214 + 252. Does 6 divide o?
False
Let x be (27/(-6))/(-3)*(-8 - -2). Is 7 a factor of (840/36)/(-3*2/x)?
True
Let a(t) = -3*t + 1. Let h be a(-4). Let w be 1/(-2) + h/26. Suppose -5*r + 4*b + 92 = -w*r, -2*b = 6. Does 10 divide r?
False
Let k = -16 - -5. Let f(t) = t**2 + 11*t + 4. Let p be f(k). Suppose p*u - 64 = 24. Is 16 a factor of u?
False
Let v = 222 - 74. Let l be (1 - -6)*(-12 - -2). Let b = v + l. Is 26 a factor of b?
True
Suppose -2*v = 53 - 9. Let a(q) = q**3 + 21*q**2 - 26*q - 52. Does 9 divide a(v)?
True
Let q = -98 - -376. Let p = q + -134. Is 31 a factor of p?
False
Suppose 0*d + d + 2*n = 4, 3*n = 0. Suppose 45 + d = -m. Let v = 34 - m. Does 21 divide v?
False
Let j = -5 + -24. Let c = -22 - j. Is c even?
False
Let d(r) = 4*r**2 - 12*r - 6*r**2 + 3*r**2 + 11. Suppose 0 = -i - 4*i + 60. Is 6 a factor of d(i)?
False
Suppose 2*o - 550 = 7*o. Let n = o - -309. Is n a multiple of 42?
False
Let u = -1185 + 1339. Does 8 divide u?
False
Let y be 9*(3 - 22/6). Let v = y - -10. Suppose -v*l + 2*g = l - 330, -l + 66 = -4*g. Is l a multiple of 22?
True
Let b(h) = h**3 + 14*h**2 + 8*h + 16. Let z be b(-13). Suppose -40*k + 43*k = z. Does 16 divide k?
False
Suppose 1475 = -35*w + 4765. Does 47 divide w?
True
Suppose -h - 7 + 26 = 2*q, 0 = 4*q + 5*h - 23. Let f be 0 + (1 - (-1 - -2)). Let i = f + q. Does 5 divide i?
False
Let u(c) = 2*c**3 - 24*c**2 + 4*c - 10. Is u(12) a multiple of 7?
False
Let y(u) = 23*u + 30. Is 75 a factor of y(9)?
False
Let g(b) = -b - 3. Let k be g(-2). Is 12/k + 8 - 88*-2 a multiple of 11?
False
Let s = 71 + -50. Let z = s + -19. Suppose -6 = z*h - 20. Is h even?
False
Suppose 222*i - 225*i = -3066. Is 22 a factor of i?
False
Let r = -93 - -362. Does 28 divide r?
False
Let j be (-320)/(-6)*9/6. Suppose p - j = 5. Is 11 a factor of p?
False
Is 40 a factor of -6 - 3/3 - -207?
True
Suppose -4*t + 5*r - 11 = 0, -4*r + 7 = -2*t - r. Suppose 59 + t = w. Suppose 19*h - 17*h - w = 0. Is 13 a factor of h?
False
Is 2 + -5 + (0 - (-2 + -567)) a multiple of 19?
False
Let o = -99 - -33. Let l = o - -128. Does 31 divide l?
True
Let m = -1845 + 6041. Is m a multiple of 13?
False
Suppose -5*y - 760 = 5*r, -9*r + 6*r = 5*y + 450. Let o = 340 + r. Is 37 a factor of o?
True
Suppose 2*x = -31 + 103. Suppose 4 = 4*s + 4*b - x, 6 = 3*s - 3*b. Does 3 divide s?
True
Let b = 25 - 22. Let k be 3/b - (-11 + -1). Suppose 0 = k*g - 8*g - 495. Does 38 divide g?
False
Suppose -4*y - 22 = 14. Is 6 a factor of (-138)/4*6/y?
False
Suppose 3*t - 17 = x - 0, t = -2*x - 6. Suppose 0 = v - t - 1. Suppose -u = 0, -6*u = v*o - u - 310. Does 18 divide o?
False
Suppose 0 = 4*t + t - 15. Suppose 156 = t*j - 48. Does 17 divide j?
True
Suppose 0 = 3*k + 4 + 20. Let l = -5 - k. Suppose l*c = 235 - 88. Is c a multiple of 16?
False
Let q(u) = 31*u - 1. Suppose 10*s - 5*s - 5 = 0. Is q(s) a multiple of 13?
False
Let n(b) = b**3 - 4*b**2 + b + 7. Let q be n(7). Is 9 a factor of ((-108)/10)/(q/(-140) + 1)?
True
Let g be 68 + (2/(-5) - (-4)/10). Let r = 156 - g. Is r a multiple of 8?
True
Suppose -3*j - g = -0*j - 150, 0 = 5*j - 3*g - 264. Suppose -2*q + 18 = 5*s - j, -q = 3*s - 41. Is 5 a factor of s?
False
Let b(i) = i**3 - 6*i**2 - 7*i - 8. Let n be b(7). Let d be 8/(-32) - 98/n. Suppose 4*u = 4*m + d, -m = -5*u + u + 27. Is u a multiple of 8?
True
Suppose -5*k + 43 + 2 = 0. Does 8 divide (-6)/4*(-240)/k?
True
Is 16 a factor of (-3 + -160)/((-6)/12)?
False
Suppose -24 = 4*t - t. Let r = -7 - t. Suppose 5*m + 36 = 2*s, -r = -4*m - 17. Is s a multiple of 4?
True
Let g(s) = -2 + s + 11*s**2 + 7*s**2 - 13*s**2. Let a(t) = t**2 + 4*t + 3. Let d be a(-4). Is 12 a factor of g(d)?
False
Is (6 + 1 - (-360)/(-48))*-540 a multiple of 15?
True
Let m(z) = -2*z**3 - 15*z**2 + 34*z - 48. Is m(-18) a multiple of 48?
True
Suppose u - 4*c = 749, -4*c - c = 5*u - 3795. Is u a multiple of 52?
False
Suppose 0 = -y + 6*a - a + 219, -3*y - 5*a + 557 = 0. Is y a multiple of 30?
False
Let m(f) = -f**3 - 12*f**2 - 10*f + 25. Let y be m(-11). Is 13 a factor of (y + 0)*9 - -4?
True
Let d = -72 - -10. Let j = -46 - d. Does 3 divide j?
False
Let o(f) = f**3 + 9*f**2 + 11*f - 18. Let b be o(-7). Suppose 3*y - 3*i = 144, y - b*i - 46 = 2. Is 13 a factor of y?
False
Suppose -6*j + 354 = -0*j. Does 3 divide j?
False
Let h(o) = 4*o - 17 + 0*o - o + 8*o**2. Let n(v) = 9*v**2 + 3*v - 18. Let z(k) = 5*h(k) - 4*n(k). Does 11 divide z(-5)?
False
Suppose 2*w - 2*n + 802 = 0, 4*w + 0*w = -3*n - 1604. Let y = 578 + w. Is y a multiple of 10?
False
Let s(m) be the third derivative of m**6/40 + m**5/60 - m**3/6 - 4*m**2. Let y be s(2). Suppose -135 = -5*a + 4*o, 2*a = a - 4*o + y. Does 13 divide a?
False
Let x(v) = 2*v**2 + 19*v - 93. Is 15 a factor of x(14)?
False
Does 5 divide 8/148 + (-136114)/(-851)?
True
Is 22 a factor of (2 - 11/2)/(2/(-176))?
True
Suppose 1193 = 10*s - 977. Is s a multiple of 17?
False
Does 23 divide (-4 + (-11)/(-2))*410/3?
False
Does 13 divide -3 + 7 - (4 - 1199)/5?
False
Suppose 4*v - 4*p = -p + 1584, 0 = -3*p - 12. Suppose 5*w - v = -4*o, -w + 373 = 4*o - 0*w. Suppose 2*u + 2*q = o, 109 = -5*u - 3*q + 335. Does 22 divide u?
True
Let d = -49 + 50. Does 43 divide 43 + -1 + 1/d?
True
Is 166/8*1*148 a multiple of 13?
False
Suppose 14*x - 1789 + 25 = 0. Is x a multiple of 18?
True
Let k = 500 - -220. Does 30 divide k?
True
Let g = -97 + 103. Let t(o) = -2*o**2 + 22*o + 3. Is 5 a factor of t(g)?
False
Suppose 4*c - 196 = 3*r, r + 190 = -2*r - 2*c. Let d = r - -90. Suppose -4*p = k - d - 37, 0 = -2*p - k + 31. Is 5 a factor of p?
False
Let s(b) = b**2 - 12*b + 15. Let u be s(14). Let d = 11 + u. Is 9 a factor of d?
True
Let v(a) be the first derivative of a**4/4 + 4*a**3/3 - a**2/2 - a - 5. Let l be v(-6). Let h = l + 119. Is h a multiple of 26?
True
Suppose -6*o + 268 + 560 = 0. Does 12 divide o?
False
Suppose 0 = -4*p + 3*b - 111, 2*b - 91 = 4*p + 3*b. Is (-32)/p*(-78)/(-4) a multiple of 7?
False
Let s(a) be the third derivative of a**4/24 + 2*a**3 - 6*a**2 + 6. Let k = -7 + 0. Is s(k) even?
False
Suppose 8*b + 1492 - 7020 = 0. Is 11 a factor of b?
False
Let f = 227 + -182. Does 13 divide f?
False
Let y be 45/27 + 471/9. Let q = 4 - 2. Suppose -y = -q*m - m. Is 9 a factor of m?
True
Suppose 4*u + 658 = 11*u. Let v = u - -166. Suppose 0 = 2*l + 4*p - v, -4*l - 2*p + 548 = -p. Is l a multiple of 20?
False
Let p = -114 - -374. Is 65 a factor of p?
True
Is 18 a factor of ((-16)/6)/(42/(-1134))?
True
Let r(v) = 8*v - 41. Suppose -3*y - 3*f +